
Let j(l) = -3*l**3 + 310*l**2 - 981*l - 1948. Determine j(100).
-48
Let y(n) = 83*n**2 + 88*n - 53. What is y(-2)?
103
Let s(k) = -173*k + 19705. Calculate s(123).
-1574
Let s(t) = -188157*t - 1693375. What is s(-9)?
38
Let j(i) = -3*i**3 - 107*i**2 + 42*i + 34. Calculate j(-35).
-3886
Let x(t) = -195*t + 5708. What is x(29)?
53
Let x(h) = 3091*h + 58726. What is x(-19)?
-3
Let b(u) = 47*u - 5057. What is b(89)?
-874
Let v(q) = 125*q - 330. What is v(8)?
670
Let w(h) = -3*h**3 - 432*h**2 - 888*h - 5111. Give w(-142).
1
Let n(b) = -37441*b - 262432. Give n(-7).
-345
Let f(r) = 2706*r - 205645. What is f(76)?
11
Let w(d) = 70*d**2 + 24066*d - 4809. Give w(-344).
7
Let w(a) = 104*a**2 + 757*a - 3049. What is w(4)?
1643
Let w(o) = 2*o**2 - 130*o + 752. Determine w(58).
-60
Let d(g) = 122430*g + 2693463. Determine d(-22).
3
Let v(w) = 642*w - 641. Calculate v(1).
1
Let d(g) = -5*g**2 - 16*g + 1735. Determine d(25).
-1790
Let p(j) = -1204*j + 41083. What is p(34)?
147
Let c(n) = 1017*n**2 - 48815*n - 217. Determine c(48).
-169
Let l(k) = -k**2 + 70*k - 1829. Calculate l(46).
-725
Let h(n) = -1228*n - 27965. Give h(-22).
-949
Let d(a) = -20*a**3 + 11*a**2 - 159*a + 530. What is d(4)?
-1210
Let y(j) = 14*j**3 + 316*j**2 + 7*j + 65. Give y(0).
65
Let d(t) = t**3 - 63*t**2 + 706*t + 86. Give d(49).
1066
Let m(z) = -3*z**2 - 29*z + 502. Give m(11).
-180
Let w(r) = -6*r**3 - 56*r**2 + 11*r + 118. Determine w(-9).
-143
Let v(g) = g**3 + 56*g**2 + 259*g - 294. Determine v(-51).
-498
Let p(u) = -u**3 - 84*u**2 + 2051*u - 2197. Give p(-104).
819
Let i(v) = v**3 - 1767*v**2 - 7041*v + 169. What is i(-4)?
-3
Let u(w) = 121*w + 2307. Calculate u(-16).
371
Let x(i) = 22590*i + 429220. Calculate x(-19).
10
Let y(g) = 3549*g - 64300. What is y(18)?
-418
Let n(j) = j**3 + 216*j**2 + 395*j + 85429. Calculate n(-216).
109
Let t(x) = -15572*x - 140317. Determine t(-9).
-169
Let h(c) = c**2 - 204*c + 9638. Determine h(130).
18
Let q(d) = 12*d**3 - 1067*d**2 - 1106*d - 5780. Give q(90).
-20
Let k(s) = -43267*s - 1860489. Determine k(-43).
-8
Let q(a) = -a**3 - 25*a**2 - 41*a + 24. Calculate q(-20).
-1156
Let d(h) = h**2 + 595*h - 15508. Determine d(25).
-8
Let b(f) = -f**3 + 4*f**2 + 734*f - 4410. Determine b(6).
-78
Let d(f) = -2*f**3 - 535*f**2 + 1348*f - 510. Calculate d(-270).
30
Let r(d) = -15*d**2 + 195*d - 654. Determine r(7).
-24
Let x(d) = 46*d**3 + 8234*d**2 + 2*d + 207. What is x(-179)?
-151
Let j(x) = -1051*x - 559134. Calculate j(-532).
-2
Let t(m) = 2*m**3 - 107*m**2 + 148*m + 472. What is t(52)?
56
Let i(m) = -m**3 - 155*m**2 - 653*m - 30192. Give i(-152).
-248
Let r(l) = 4792*l - 23894. Give r(5).
66
Let j(r) = -68605*r - 1029150. Calculate j(-15).
-75
Let r(d) = -411*d**3 - 4*d**2 + 474*d + 954. Determine r(-2).
3278
Let f(z) = -1037022*z + 4148075. Give f(4).
-13
Let f(l) = -68190*l - 477312. What is f(-7)?
18
Let w(f) = -74*f**2 + 139*f + 7. What is w(5)?
-1148
Let x(q) = -1123050*q - 23584045. Determine x(-21).
5
Let d(g) = 48*g**2 + 217*g - 6. What is d(-2)?
-248
Let b(d) = -46*d**2 + 1516*d - 1404. What is b(32)?
4
Let p(w) = -w**3 - 28*w**2 + 116*w + 551. What is p(-31)?
-162
Let v(b) = -1251980*b + 7511886. Determine v(6).
6
Let j(u) = -35*u**3 + 200*u**2 + 30*u + 190. Calculate j(7).
-1805
Let j(v) = 26*v**2 + 1262*v + 10486. Give j(-38).
74
Let u(g) = 21*g**3 + 776*g**2 - 674*g - 23567. Give u(-37).
2
Let b(j) = j**3 - 677*j**2 + 1995*j - 1812295. Determine b(678).
-1
Let a(h) = 402*h**3 - 404*h**2 + 7*h - 5. What is a(2)?
1609
Let i(j) = -142*j - 1675. Give i(-6).
-823
Let c(z) = -386*z + 1575. Give c(7).
-1127
Let z(r) = r**2 - 8201*r - 2497528. What is z(-294)?
2
Let b(i) = -i**3 - 96*i**2 - 1242*i + 4193. Give b(-19).
-6
Let o(n) = 681*n**2 - 17575*n - 3398. Give o(26).
8
Let f(d) = 17*d**2 + 141*d - 649. Determine f(-13).
391
Let p(v) = -19*v**2 - 17*v + 272. What is p(-13)?
-2718
Let m(s) = 935*s**2 + 198*s + 1. Give m(-1).
738
Let o(l) = -318*l - 11253. What is o(-36)?
195
Let h(a) = -4996*a + 30006. Determine h(6).
30
Let t(f) = 203*f + 30431. Determine t(-155).
-1034
Let k(b) = -b**2 + 246*b + 15275. Calculate k(-51).
128
Let h(w) = -41*w**2 - 384*w - 10. What is h(-9)?
125
Let i(w) = -533*w + 41070. Determine i(77).
29
Let b(k) = -1600*k + 59217. Determine b(37).
17
Let t(o) = o**3 + 104*o**2 + 2249*o - 1041. Determine t(-73).
-19
Let f(z) = 2*z**3 - 72*z**2 + 38*z - 1015. Give f(36).
353
Let v(p) = 51*p + 3571. Calculate v(-74).
-203
Let a(y) = -y**2 - 279*y + 12713. Determine a(-319).
-47
Let w(s) = -745*s**2 - 6679*s - 87. Calculate w(-9).
-321
Let x(o) = 2*o**3 - 15*o**2 + 1132*o - 10439. Determine x(9).
-8
Let d(g) = 13*g - 2004. Determine d(5).
-1939
Let z(q) = -18*q**2 + 3445*q - 20589. Give z(6).
-567
Let s(q) = 8*q**2 - 26642*q - 79999. What is s(-3)?
-1
Let p(z) = 58*z**2 + 2880*z + 7226. Give p(-47).
-12
Let k(r) = 4*r**3 - 229*r**2 + 262*r + 994. Calculate k(56).
-14
Let l(o) = 5282*o + 26393. Determine l(-5).
-17
Let b(v) = -v**2 - 2056*v + 78. Calculate b(0).
78
Let y(o) = 32*o**2 + 61*o + 118. Give y(-4).
386
Let s(z) = -2*z**2 + 5013*z + 141991. Give s(-28).
59
Let c(j) = j**2 - 19*j - 14679. Calculate c(-113).
237
Let k(x) = -16898*x - 456247. Determine k(-27).
-1
Let z(f) = -13*f**2 - 35*f + 113. Give z(2).
-9
Let l(v) = 14*v**3 - 72*v**2 - 41*v + 22. Calculate l(5).
-233
Let v(j) = -41892*j - 586860. Calculate v(-14).
-372
Let m(j) = -3216*j + 6407. Give m(2).
-25
Let t(x) = -x**2 - 184134*x + 3314747. Determine t(18).
11
Let a(i) = -4*i + 111. Determine a(73).
-181
Let u(l) = -116662*l + 116669. Determine u(1).
7
Let y(j) = -4*j**3 - 61*j**2 - 413*j - 43. Calculate y(-14).
4759
Let a(s) = 89*s**3 - 916*s - 917. What is a(-1)?
-90
Let p(m) = -74919*m - 449500. Determine p(-6).
14
Let v(o) = 2*o**3 + 170*o**2 + o - 189. Calculate v(-85).
-274
Let j(r) = -r**3 - 91*r**2 - 5*r - 283. What is j(-91)?
172
Let n(k) = 61*k**2 + 22*k - 78. Give n(1).
5
Let q(l) = -247*l - 104133. Calculate q(-418).
-887
Let f(d) = -14530*d - 57531. Give f(-4).
589
Let h(c) = -2667475*c - 2667470. Determine h(-1).
5
Let u(c) = 391*c + 77817. Calculate u(-199).
8
Let s(q) = 2*q**2 + 28678*q - 2568144. Give s(89).
40
Let f(m) = m**2 - 17*m - 369. What is f(-10)?
-99
Let z(q) = -2*q**3 - 296*q**2 + 305*q + 1932. Calculate z(-149).
889
Let f(k) = 2*k**2 - 169*k + 3434. Determine f(51).
17
Let w(a) = -a**3 - 38*a**2 - 211*a - 1599. Calculate w(-32).
-991
Let w(p) = 150*p**3 + 64*p**2 - 74*p + 223. Give w(3).
4627
Let n(f) = f**3 - 42*f**2 - 127*f + 10. Give n(-3).
-14
Let v(d) = 130*d + 5578. Determine v(-43).
-12
Let w(o) = -2*o**3 - 1225*o**2 + 748*o + 82748. Calculate w(-613).
-7
Let p(r) = -90194*r + 721554. Give p(8).
2
Let l(w) = w**2 + 1310*w + 198373. Calculate l(-175).
-252
Let n(a) = 10*a**3 - 6*a**2 - 62*a + 185. Calculate n(6).
1757
Let q(a) = -5387*a - 21478. Calculate q(-4).
70
Let z(l) = -l**3 - 133*l**2 + 13704*l + 7241. What is z(-201)?
5
Let b(v) = -252*v**3 + 6039*v**2 + 222*v + 4. Calculate b(24).
148
Let f(b) = -b**2 + 22483*b - 179800. Determine f(8).
0
Let z(c) = c**3 - 548*c**2 - 5616*c + 20151. Determine z(558).
63
Let s(h) = -2*h**2 + 82*h + 170. Give s(45).
-190
Let w(f) = f**2 - 2559*f + 48287. Calculate w(19).
27
Let p(v) = 35*v**3 - 287*v**2 + 62*v - 34. Determine p(8).
14
Let l(y) = 70*y**2 - 39969*y - 577. Give l(571).
-6
Let t(p) = -41*p**2 + 659*p - 112. What is t(16)?
-64
Let p(f) = -f**3 - 144*f**2 + 34*f + 8351. Determine p(-144).
3455
Let p(m) = -5*m**3 - 534*m**2 - 1953*m + 101. What is p(-103)?
-311
Let m(w) = -16*w**2 - 186*w - 797. What is m(-4)?
-309
Let s(c) = -2*c**3 - 80*c**2 + 500*c + 20300. Give s(-40).
300
Let z(d) = -71*d + 10136. Calculate z(145).
-159
Let z(h) = -239*h + 87986. Determine z(368).
34
Let d(t) = 337*t + 41316. Give d(-123).
-135
Let p(m) = -2*m**3 - 12*m**2 - 3*m + 33. Calculate p(-7).
152
Let p(d) = 3862*d + 3845. What is p(-1)?
-17
Let v(k) = -3072*k + 193549. Give v(63).
13
Let l(f) = -2*f**3 + 25*f**2 + 139*f - 947. What is l(15)?
13
Let l(d) = 320848*d + 1925079. Determine l(-6).
-9
Let c(h) = -h**2 + 7192*h + 318179. What is c(-44)?
-205
Let a(t) = -6771*t - 298001. Determine a(-44).
-77
Let p(i) = -2*i**3 - 43*i**2 - 223*i - 339. Give p(-3).
-3
Let c(g) = 29*g**2 + 892*